{"id":105,"date":"2015-08-29T22:08:58","date_gmt":"2015-08-29T20:08:58","guid":{"rendered":"http:\/\/bismarck.reppel.eu\/?page_id=105"},"modified":"2024-11-04T08:51:26","modified_gmt":"2024-11-04T07:51:26","slug":"foerderverein-servatius","status":"publish","type":"page","link":"https:\/\/www.bismarckschule-servatiusschule.de\/index.php\/foerderverein-servatius\/","title":{"rendered":"F\u00f6rderverein Servatiusschule"},"content":{"rendered":"<p><a href=\"https:\/\/www.bismarckschule-servatiusschule.de\/wp-content\/uploads\/2015\/08\/fv-serv.jpg\"><img loading=\"lazy\" decoding=\"async\" class=\"alignnone wp-image-165 size-medium\" src=\"https:\/\/www.bismarckschule-servatiusschule.de\/wp-content\/uploads\/2015\/08\/fv-serv-300x114.jpg\" alt=\"\" width=\"300\" height=\"114\" srcset=\"https:\/\/www.bismarckschule-servatiusschule.de\/wp-content\/uploads\/2015\/08\/fv-serv-300x114.jpg 300w, https:\/\/www.bismarckschule-servatiusschule.de\/wp-content\/uploads\/2015\/08\/fv-serv-1024x390.jpg 1024w\" sizes=\"auto, (max-width: 300px) 100vw, 300px\" \/><\/a><\/p>\n<p>Der F\u00f6rderverein der Servatiusschule zu R\u00f6nsahl wurde am 18.10.1990 gegr\u00fcndet.<br \/>Da die R\u00f6nsahler B\u00fcrger von Anfang an dankbar und stolz auf ihre kleine Schule waren, haben sich die Dorfbewohner zur Gr\u00fcndung eines F\u00f6rdervereins entschlossen, um der Schule bei vielen Dingen unterst\u00fctzend zur Seite zu stehen.<br \/>So hat der F\u00f6rderverein der Servatiusschule seit seiner Gr\u00fcndung viele gute Aktionen erm\u00f6glicht und gestartet.<\/p>\n<p>Zu den Errungenschaften der letzten Jahre geh\u00f6ren z.B.<\/p>\n<p>\u2022 die Anschaffung von Einr\u00e4dern, um die Einrad AG ins Leben zu rufen<br \/>\u2022 der Aufbau der Schulb\u00fccherei<br \/>\u2022 tolle Aktionen f\u00fcr und mit den Sch\u00fclern, wie z.B. die Schulhofgestaltung<br \/>\u2022 Realisierung des Computerraums<br \/>\u2022 der Bau der Au\u00dfenspielanlage<br \/>\u2022 die Organisation der t\u00e4glichen \u00dcbermittagsbetreuung<br \/>\u2022 die Anschaffung von Trommeln, um Trommelkurse anbieten zu k\u00f6nnen<br \/>\u2022 das Anlegen eines Schulkr\u00e4utergartens<br \/>\u2022 au\u00dferdem stand die Kinderf\u00f6rderung immer an h\u00f6chster Stelle<br \/>und vieles mehr \u2026..<\/p>\n<p>Auch in Zukunft wird der F\u00f6rderverein weiterhin mit gro\u00dfer Freude alles daf\u00fcr geben,<br \/>der Servatiusschule zu R\u00f6nsahl weiter unterst\u00fctzend zur Seite zu stehen, den ein oder anderen Wunsch zu erf\u00fcllen und damit seinen Teil dazu beizutragen, den Sch\u00fclern eine tolle Grundschulzeit zu erm\u00f6glichen.<\/p>\n<p><a href=\"https:\/\/www.bismarckschule-servatiusschule.de\/wp-content\/uploads\/2018\/09\/Datenschutzerkl\u00e4rung.docx\">Datenschutzerkl\u00e4rung<\/a><\/p>\n\n\n<ol class=\"wp-block-list\">\n<li>Vorsitzende:           Frau Rausch<\/li>\n<\/ol>\n\n\n\n<p>     2. Vorsitzende: Frau Seidel<\/p>\n\n\n\n<p>Kassierer: Frau Gehle<\/p>\n\n\n\n<p>Kassenpr\u00fcferin: Frau Ulrich<\/p>\n","protected":false},"excerpt":{"rendered":"<p>Der F\u00f6rderverein der Servatiusschule zu R\u00f6nsahl wurde am 18.10.1990 gegr\u00fcndet.Da die R\u00f6nsahler B\u00fcrger von Anfang an dankbar und stolz auf ihre kleine Schule waren, haben sich die Dorfbewohner zur Gr\u00fcndung eines F\u00f6rdervereins entschlossen, um der Schule bei vielen Dingen unterst\u00fctzend zur Seite zu stehen.So hat der F\u00f6rderverein der Servatiusschule seit seiner Gr\u00fcndung viele gute Aktionen [&hellip;]<\/p>\n","protected":false},"author":1,"featured_media":0,"parent":0,"menu_order":0,"comment_status":"closed","ping_status":"closed","template":"","meta":{"footnotes":""},"class_list":["post-105","page","type-page","status-publish","hentry"],"_links":{"self":[{"href":"https:\/\/www.bismarckschule-servatiusschule.de\/index.php\/wp-json\/wp\/v2\/pages\/105","targetHints":{"allow":["GET"]}}],"collection":[{"href":"https:\/\/www.bismarckschule-servatiusschule.de\/index.php\/wp-json\/wp\/v2\/pages"}],"about":[{"href":"https:\/\/www.bismarckschule-servatiusschule.de\/index.php\/wp-json\/wp\/v2\/types\/page"}],"author":[{"embeddable":true,"href":"https:\/\/www.bismarckschule-servatiusschule.de\/index.php\/wp-json\/wp\/v2\/users\/1"}],"replies":[{"embeddable":true,"href":"https:\/\/www.bismarckschule-servatiusschule.de\/index.php\/wp-json\/wp\/v2\/comments?post=105"}],"version-history":[{"count":12,"href":"https:\/\/www.bismarckschule-servatiusschule.de\/index.php\/wp-json\/wp\/v2\/pages\/105\/revisions"}],"predecessor-version":[{"id":2462,"href":"https:\/\/www.bismarckschule-servatiusschule.de\/index.php\/wp-json\/wp\/v2\/pages\/105\/revisions\/2462"}],"wp:attachment":[{"href":"https:\/\/www.bismarckschule-servatiusschule.de\/index.php\/wp-json\/wp\/v2\/media?parent=105"}],"curies":[{"name":"wp","href":"https:\/\/api.w.org\/{rel}","templated":true}]}}