{"id":2,"date":"2015-08-28T15:27:21","date_gmt":"2015-08-28T13:27:21","guid":{"rendered":"http:\/\/bismarck.reppel.eu\/?page_id=2"},"modified":"2015-09-23T10:12:55","modified_gmt":"2015-09-23T08:12:55","slug":"beispiel-seite","status":"publish","type":"page","link":"https:\/\/www.bismarckschule-servatiusschule.de\/","title":{"rendered":"Herzlich willkommen!"},"content":{"rendered":"<p><a href=\"http:\/\/bismarck.reppel.eu\/wp-content\/uploads\/2015\/08\/banner_web.jpg\"><img loading=\"lazy\" decoding=\"async\" class=\"alignnone size-full wp-image-85\" src=\"http:\/\/bismarck.reppel.eu\/wp-content\/uploads\/2015\/08\/banner_web.jpg\" alt=\"banner_web\" width=\"550\" height=\"235\" srcset=\"https:\/\/www.bismarckschule-servatiusschule.de\/wp-content\/uploads\/2015\/08\/banner_web.jpg 550w, https:\/\/www.bismarckschule-servatiusschule.de\/wp-content\/uploads\/2015\/08\/banner_web-300x128.jpg 300w\" sizes=\"auto, (max-width: 550px) 100vw, 550px\" \/><\/a><\/p>\n<p>&nbsp;<\/p>\n<h2>Herzlich willkommen in der Bismarckschule und der Servatiusschule in Kierspe!<\/h2>\n<p>Nach langer Zeit ist es nun endlich gelungen, einen neuen und freundlichen<a href=\"http:\/\/bismarck.reppel.eu\/wp-content\/uploads\/2015\/08\/Logo_Bismarkschule.jpg\"><img loading=\"lazy\" decoding=\"async\" class=\"size-medium wp-image-70 alignleft\" src=\"http:\/\/bismarck.reppel.eu\/wp-content\/uploads\/2015\/08\/Logo_Bismarkschule-236x300.jpg\" alt=\"Logo_Bismarkschule\" width=\"236\" height=\"300\" srcset=\"https:\/\/www.bismarckschule-servatiusschule.de\/wp-content\/uploads\/2015\/08\/Logo_Bismarkschule-236x300.jpg 236w, https:\/\/www.bismarckschule-servatiusschule.de\/wp-content\/uploads\/2015\/08\/Logo_Bismarkschule-807x1024.jpg 807w\" sizes=\"auto, (max-width: 236px) 100vw, 236px\" \/><\/a> Internetauftritt zu gestalten.<\/p>\n<p>Die Schulleitung und das Kollegium hoffen, dass Sie, liebe Nutzer, alle gew\u00fcnschten Informationen \u00fcber unsere beiden Schulen auf den Seiten finden.<\/p>\n<p>Sollten Sie Inhalte vermissen, w\u00fcrden wir uns \u00fcber eine R\u00fcckmeldung freuen. Allerdings sind einige wenige Seiten noch im Aufbau; hier werden die Inhalte noch erg\u00e4nzt.<\/p>\n<p>&nbsp;<\/p>\n","protected":false},"excerpt":{"rendered":"<p>&nbsp; Herzlich willkommen in der Bismarckschule und der Servatiusschule in Kierspe! Nach langer Zeit ist es nun endlich gelungen, einen neuen und freundlichen Internetauftritt zu gestalten. Die Schulleitung und das Kollegium hoffen, dass Sie, liebe Nutzer, alle gew\u00fcnschten Informationen \u00fcber unsere beiden Schulen auf den Seiten finden. Sollten Sie Inhalte vermissen, w\u00fcrden wir uns \u00fcber [&hellip;]<\/p>\n","protected":false},"author":1,"featured_media":0,"parent":0,"menu_order":0,"comment_status":"closed","ping_status":"closed","template":"","meta":{"footnotes":""},"class_list":["post-2","page","type-page","status-publish","hentry"],"_links":{"self":[{"href":"https:\/\/www.bismarckschule-servatiusschule.de\/index.php\/wp-json\/wp\/v2\/pages\/2","targetHints":{"allow":["GET"]}}],"collection":[{"href":"https:\/\/www.bismarckschule-servatiusschule.de\/index.php\/wp-json\/wp\/v2\/pages"}],"about":[{"href":"https:\/\/www.bismarckschule-servatiusschule.de\/index.php\/wp-json\/wp\/v2\/types\/page"}],"author":[{"embeddable":true,"href":"https:\/\/www.bismarckschule-servatiusschule.de\/index.php\/wp-json\/wp\/v2\/users\/1"}],"replies":[{"embeddable":true,"href":"https:\/\/www.bismarckschule-servatiusschule.de\/index.php\/wp-json\/wp\/v2\/comments?post=2"}],"version-history":[{"count":6,"href":"https:\/\/www.bismarckschule-servatiusschule.de\/index.php\/wp-json\/wp\/v2\/pages\/2\/revisions"}],"predecessor-version":[{"id":280,"href":"https:\/\/www.bismarckschule-servatiusschule.de\/index.php\/wp-json\/wp\/v2\/pages\/2\/revisions\/280"}],"wp:attachment":[{"href":"https:\/\/www.bismarckschule-servatiusschule.de\/index.php\/wp-json\/wp\/v2\/media?parent=2"}],"curies":[{"name":"wp","href":"https:\/\/api.w.org\/{rel}","templated":true}]}}