{"id":4,"date":"2015-08-28T15:41:06","date_gmt":"2015-08-28T13:41:06","guid":{"rendered":"http:\/\/bismarck.reppel.eu\/?page_id=4"},"modified":"2025-12-04T09:01:59","modified_gmt":"2025-12-04T08:01:59","slug":"bismarkschule","status":"publish","type":"page","link":"https:\/\/www.bismarckschule-servatiusschule.de\/index.php\/bismarkschule\/","title":{"rendered":"Bismarckschule"},"content":{"rendered":"<p><a href=\"https:\/\/www.bismarckschule-servatiusschule.de\/wp-content\/uploads\/2015\/08\/1.jpg\"><img loading=\"lazy\" decoding=\"async\" class=\"alignnone wp-image-32 size-medium\" src=\"https:\/\/www.bismarckschule-servatiusschule.de\/wp-content\/uploads\/2015\/08\/1-300x199.jpg\" alt=\"\" width=\"300\" height=\"199\" srcset=\"https:\/\/www.bismarckschule-servatiusschule.de\/wp-content\/uploads\/2015\/08\/1-300x200.jpg 300w, https:\/\/www.bismarckschule-servatiusschule.de\/wp-content\/uploads\/2015\/08\/1-1024x681.jpg 1024w\" sizes=\"auto, (max-width: 300px) 100vw, 300px\" \/><\/a><\/p>\n<p>Die Bismarckschule wurde 1929 eingeweiht. Das Bild zeigt das alte urspr\u00fcngliche Geb\u00e4ude. In 2 weiteren Bauabschnitten wurde die Schule erweitert. Um das Jahr 1960 kamen die Pausenhalle, das Schwimmbad, der Mittelbau (Schulanf\u00e4ngertrakt) und die Verwaltungsr\u00e4ume hinzu. Mitte der 80er Jahre des vergangenen Jahrhunderts wurde der Neubau errichtet. Dort befinden sich 7 Klassenr\u00e4ume.<\/p>\n<p>Im Altbau hat sich die Betreuung eingerichtet, dazu gibt es den Leseraum. Der Musikraum wird nun sowohl von der OGS als auch von den Musikklassen genutzt.<\/p>\n<p>Im Mittelbau befinden sich die Schulanf\u00e4ngerklassen und ein weiterer Klassenraum.<\/p>\n<p>2014 wurde dann der Verbund der Bismarckschule mit der Servatiusschule gegr\u00fcndet. Seitdem geh\u00f6ren beide Standorte zur Bismarckschule mit Teilstandort Servatiusschule.<\/p>\n<p>Am Standort Servatius in R\u00f6nsahl befinden sich zwei Geb\u00e4ude: Das Haupthaus mit f\u00fcnf Klassenr\u00e4umen (zwei werden von der BGS genutzt) und ein weiteres Geb\u00e4ude mit drei Klassenr\u00e4umen und unserer B\u00fccherei.<\/p>\n<p>Unsere Leitlinie:<\/p>\n<ul>\n<li><strong>F\u00f6rdern und Fordern<\/strong><br \/>\nWas hei\u00dft das? In kleinen Gruppen lernt man besser. In den Klassen sind zwar in der Regel mehr als 25 Kinder, aber wir versuchen f\u00fcr einige Stunden 2 Lehrkr\u00e4fte gemeinsam im Unterricht einzuplanen, vor allem in der Schuleingangsphase und in Klassen des gemeinsamen Lernens.<\/li>\n<\/ul>\n","protected":false},"excerpt":{"rendered":"<p>Die Bismarckschule wurde 1929 eingeweiht. Das Bild zeigt das alte urspr\u00fcngliche Geb\u00e4ude. In 2 weiteren Bauabschnitten wurde die Schule erweitert. Um das Jahr 1960 kamen die Pausenhalle, das Schwimmbad, der Mittelbau (Schulanf\u00e4ngertrakt) und die Verwaltungsr\u00e4ume hinzu. Mitte der 80er Jahre des vergangenen Jahrhunderts wurde der Neubau errichtet. Dort befinden sich 7 Klassenr\u00e4ume. Im Altbau hat [&hellip;]<\/p>\n","protected":false},"author":1,"featured_media":0,"parent":0,"menu_order":0,"comment_status":"closed","ping_status":"closed","template":"","meta":{"footnotes":""},"class_list":["post-4","page","type-page","status-publish","hentry"],"_links":{"self":[{"href":"https:\/\/www.bismarckschule-servatiusschule.de\/index.php\/wp-json\/wp\/v2\/pages\/4","targetHints":{"allow":["GET"]}}],"collection":[{"href":"https:\/\/www.bismarckschule-servatiusschule.de\/index.php\/wp-json\/wp\/v2\/pages"}],"about":[{"href":"https:\/\/www.bismarckschule-servatiusschule.de\/index.php\/wp-json\/wp\/v2\/types\/page"}],"author":[{"embeddable":true,"href":"https:\/\/www.bismarckschule-servatiusschule.de\/index.php\/wp-json\/wp\/v2\/users\/1"}],"replies":[{"embeddable":true,"href":"https:\/\/www.bismarckschule-servatiusschule.de\/index.php\/wp-json\/wp\/v2\/comments?post=4"}],"version-history":[{"count":15,"href":"https:\/\/www.bismarckschule-servatiusschule.de\/index.php\/wp-json\/wp\/v2\/pages\/4\/revisions"}],"predecessor-version":[{"id":3074,"href":"https:\/\/www.bismarckschule-servatiusschule.de\/index.php\/wp-json\/wp\/v2\/pages\/4\/revisions\/3074"}],"wp:attachment":[{"href":"https:\/\/www.bismarckschule-servatiusschule.de\/index.php\/wp-json\/wp\/v2\/media?parent=4"}],"curies":[{"name":"wp","href":"https:\/\/api.w.org\/{rel}","templated":true}]}}