{"id":99,"date":"2015-08-29T22:05:39","date_gmt":"2015-08-29T20:05:39","guid":{"rendered":"http:\/\/bismarck.reppel.eu\/?page_id=99"},"modified":"2015-09-30T17:12:58","modified_gmt":"2015-09-30T15:12:58","slug":"betreuung-servatius","status":"publish","type":"page","link":"https:\/\/www.bismarckschule-servatiusschule.de\/index.php\/betreuung-servatius\/","title":{"rendered":"Betreuung Servatiusschule"},"content":{"rendered":"<p><a href=\"https:\/\/www.bismarckschule-servatiusschule.de\/wp-content\/uploads\/2015\/08\/IMG_7866.jpg\"><img loading=\"lazy\" decoding=\"async\" class=\"alignnone wp-image-205 size-medium\" src=\"https:\/\/www.bismarckschule-servatiusschule.de\/wp-content\/uploads\/2015\/08\/IMG_7866-300x201.jpg\" alt=\"\" width=\"300\" height=\"201\" srcset=\"https:\/\/www.bismarckschule-servatiusschule.de\/wp-content\/uploads\/2015\/08\/IMG_7866-300x201.jpg 300w, https:\/\/www.bismarckschule-servatiusschule.de\/wp-content\/uploads\/2015\/08\/IMG_7866.jpg 320w\" sizes=\"auto, (max-width: 300px) 100vw, 300px\" \/><\/a><\/p>\n<h2>Verl\u00e4ssliche Grundschule 8 bis 1<\/h2>\n<p>Die verl\u00e4ssliche Grundschule ist seit achtzehn Jahren integrierter Bestandteil des<br \/>\nSchullebens an der Servatiusschule.<br \/>\nDie Tr\u00e4gerschaft liegt beim F\u00f6rderverein der Schule, der die Verwaltungsaufgaben<br \/>\nehrenamtlich leistet.<br \/>\n\u00dcber einen Jahresvertrag angemeldete Kinder werden von 11:30 Uhr bis 14:00 Uhr von<br \/>\nzwei Betreuerinnen qualifiziert betreut.<br \/>\nDer monatliche Beitrag betr\u00e4gt f\u00fcr jedes Kind 35,00 Euro, f\u00fcr jedes weitere<br \/>\nGeschwisterkind 18,00 Euro.<br \/>\nIm gem\u00fctlich gestalteten Betreuungsraum stehen den Sch\u00fclern nach dem Unterricht<br \/>\nverschiedenste M\u00f6glichkeiten zur freien Gestaltung zur Verf\u00fcgung. Spielen, entspannen,<br \/>\nerz\u00e4hlen, Spa\u00df haben, Rollenspiel, verkleiden, Buden bauen, Gesellschaftsspiele,<br \/>\nkochen, backen, basteln und vieles mehr steht auf dem Programm der Kinder.<br \/>\nNach einem gemeinsamen gespr\u00e4chsintensiven zweiten Fr\u00fchst\u00fcck wird drau\u00dfen auf<br \/>\ndem Schulhof gespielt. Gemeinsame Spiele, Fu\u00dfball, Seile, B\u00e4lle, Stelzen, Kletterger\u00fcst<br \/>\nund verschiedene Fahrzeuge werden gerne von den Kindern genutzt.<br \/>\nDer Vormittag endet mit der Hausaufgabenzeit, an der alle anwesenden Kinder teilnehmen<br \/>\nund bei der Erledigung ihrer Aufgaben unterst\u00fctzt werden.<\/p>\n<p><a href=\"https:\/\/www.bismarckschule-servatiusschule.de\/wp-content\/uploads\/2015\/08\/IMG_7864.jpg\"><img loading=\"lazy\" decoding=\"async\" class=\"alignnone size-medium wp-image-206\" src=\"https:\/\/www.bismarckschule-servatiusschule.de\/wp-content\/uploads\/2015\/08\/IMG_7864-300x201.jpg\" alt=\"IMG_7864\" width=\"300\" height=\"201\" srcset=\"https:\/\/www.bismarckschule-servatiusschule.de\/wp-content\/uploads\/2015\/08\/IMG_7864-300x201.jpg 300w, https:\/\/www.bismarckschule-servatiusschule.de\/wp-content\/uploads\/2015\/08\/IMG_7864.jpg 320w\" sizes=\"auto, (max-width: 300px) 100vw, 300px\" \/><\/a><\/p>\n<p><a href=\"https:\/\/www.bismarckschule-servatiusschule.de\/wp-content\/uploads\/2015\/08\/IMG_7862.jpg\"><img loading=\"lazy\" decoding=\"async\" class=\"alignnone wp-image-182 size-medium\" src=\"https:\/\/www.bismarckschule-servatiusschule.de\/wp-content\/uploads\/2015\/08\/IMG_7862-300x201.jpg\" alt=\"\" width=\"300\" height=\"201\" srcset=\"https:\/\/www.bismarckschule-servatiusschule.de\/wp-content\/uploads\/2015\/08\/IMG_7862-300x201.jpg 300w, https:\/\/www.bismarckschule-servatiusschule.de\/wp-content\/uploads\/2015\/08\/IMG_7862.jpg 320w\" sizes=\"auto, (max-width: 300px) 100vw, 300px\" \/><\/a><\/p>\n<p>&nbsp;<\/p>\n","protected":false},"excerpt":{"rendered":"<p>Verl\u00e4ssliche Grundschule 8 bis 1 Die verl\u00e4ssliche Grundschule ist seit achtzehn Jahren integrierter Bestandteil des Schullebens an der Servatiusschule. Die Tr\u00e4gerschaft liegt beim F\u00f6rderverein der Schule, der die Verwaltungsaufgaben ehrenamtlich leistet. \u00dcber einen Jahresvertrag angemeldete Kinder werden von 11:30 Uhr bis 14:00 Uhr von zwei Betreuerinnen qualifiziert betreut. Der monatliche Beitrag betr\u00e4gt f\u00fcr jedes Kind [&hellip;]<\/p>\n","protected":false},"author":1,"featured_media":0,"parent":0,"menu_order":0,"comment_status":"closed","ping_status":"closed","template":"","meta":{"footnotes":""},"class_list":["post-99","page","type-page","status-publish","hentry"],"_links":{"self":[{"href":"https:\/\/www.bismarckschule-servatiusschule.de\/index.php\/wp-json\/wp\/v2\/pages\/99","targetHints":{"allow":["GET"]}}],"collection":[{"href":"https:\/\/www.bismarckschule-servatiusschule.de\/index.php\/wp-json\/wp\/v2\/pages"}],"about":[{"href":"https:\/\/www.bismarckschule-servatiusschule.de\/index.php\/wp-json\/wp\/v2\/types\/page"}],"author":[{"embeddable":true,"href":"https:\/\/www.bismarckschule-servatiusschule.de\/index.php\/wp-json\/wp\/v2\/users\/1"}],"replies":[{"embeddable":true,"href":"https:\/\/www.bismarckschule-servatiusschule.de\/index.php\/wp-json\/wp\/v2\/comments?post=99"}],"version-history":[{"count":9,"href":"https:\/\/www.bismarckschule-servatiusschule.de\/index.php\/wp-json\/wp\/v2\/pages\/99\/revisions"}],"predecessor-version":[{"id":371,"href":"https:\/\/www.bismarckschule-servatiusschule.de\/index.php\/wp-json\/wp\/v2\/pages\/99\/revisions\/371"}],"wp:attachment":[{"href":"https:\/\/www.bismarckschule-servatiusschule.de\/index.php\/wp-json\/wp\/v2\/media?parent=99"}],"curies":[{"name":"wp","href":"https:\/\/api.w.org\/{rel}","templated":true}]}}